ivided by 207?
200
Calculate the remainder when 134549 is divided by 66538.
1473
What is the remainder when 207449 is divided by 10147?
4509
What is the remainder when 892002 is divided by 14606?
1036
What is the remainder when 258124 is divided by 8105?
6869
What is the remainder when 845325 is divided by 845290?
35
What is the remainder when 188149 is divided by 157?
63
Calculate the remainder when 29784551 is divided by 1031.
1023
What is the remainder when 217145401 is divided by 12773258?
15
Calculate the remainder when 469069 is divided by 152.
149
Calculate the remainder when 9107 is divided by 4430.
247
Calculate the remainder when 1813084 is divided by 3619.
3584
Calculate the remainder when 18553 is divided by 17636.
917
What is the remainder when 8228282 is divided by 2374?
2372
Calculate the remainder when 9407 is divided by 5261.
4146
Calculate the remainder when 102510 is divided by 5183.
4033
Calculate the remainder when 7583470 is divided by 7.
6
What is the remainder when 17497537 is divided by 472906?
15
Calculate the remainder when 1382809 is divided by 125701.
98
What is the remainder when 657721 is divided by 2888?
2145
What is the remainder when 2515071 is divided by 2901?
2805
What is the remainder when 1834585 is divided by 917279?
27
Calculate the remainder when 9153 is divided by 2240.
193
Calculate the remainder when 66827595 is divided by 290.
285
Calculate the remainder when 166654 is divided by 88.
70
What is the remainder when 5474704 is divided by 101?
100
What is the remainder when 423913 is divided by 4923?
535
Calculate the remainder when 280060 is divided by 74.
44
What is the remainder when 1673711 is divided by 20?
11
Calculate the remainder when 563947 is divided by 834.
163
Calculate the remainder when 81612134 is divided by 3555.
3554
What is the remainder when 8543987 is divided by 2665?
2662
What is the remainder when 87211 is divided by 38239?
10733
Calculate the remainder when 514526 is divided by 1687.
1678
What is the remainder when 57437 is divided by 220?
17
What is the remainder when 148206 is divided by 11395?
71
What is the remainder when 98913642 is divided by 26?
22
Calculate the remainder when 339741 is divided by 282.
213
Calculate the remainder when 1692644 is divided by 61.
16
Calculate the remainder when 10177562 is divided by 3004.
10
Calculate the remainder when 4731984 is divided by 4550.
4534
What is the remainder when 48800 is divided by 2011?
536
What is the remainder when 8926703 is divided by 2439?
2402
What is the remainder when 130173 is divided by 1417?
1226
Calculate the remainder when 6219329 is divided by 24.
17
What is the remainder when 912590 is divided by 2439?
404
What is the remainder when 10790163 is divided by 661?
660
Calculate the remainder when 411378 is divided by 29125.
3628
Calculate the remainder when 443100 is divided by 147645.
165
What is the remainder when 30502 is divided by 1070?
542
What is the remainder when 660484 is divided by 55028?
148
What is the remainder when 84863659 is divided by 1116627?
7
What is the remainder when 1894020 is divided by 2109?
138
Calculate the remainder when 610558183 is divided by 23.
22
Calculate the remainder when 858106 is divided by 1491.
781
Calculate the remainder when 1374116 is divided by 343497.
128
What is the remainder when 587784 is divided by 17809?
87
Calculate the remainder when 1926489 is divided by 4.
1
What is the remainder when 1532978 is divided by 64?
50
Calculate the remainder when 1693470 is divided by 28215.
570
Calculate the remainder when 2371645 is divided by 188.
25
Calculate the remainder when 1523389 is divided by 106.
63
What is the remainder when 28314967 is divided by 152231?
1
What is the remainder when 8818661 is divided by 31?
29
What is the remainder when 13390768 is divided by 15?
13
What is the remainder when 36382710 is divided by 197732?
22
What is the remainder when 14620383 is divided by 99?
63
Calculate the remainder when 2933557 is divided by 569.
362
Calculate the remainder when 65108445 is divided by 2170281.
15
What is the remainder when 60299 is divided by 188?
139
What is the remainder when 9351537 is divided by 322464?
81
What is the remainder when 494611 is divided by 148?
143
Calculate the remainder when 913998 is divided by 7960.
6558
What is the remainder when 14018977 is divided by 556?
549
Calculate the remainder when 8621130 is divided by 2873692.
54
What is the remainder when 2778627 is divided by 1168?
1123
What is the remainder when 72109 is divided by 103?
9
What is the remainder when 123615 is divided by 2310?
1185
Calculate the remainder when 1002534 is divided by 9282.
78
Calculate the remainder when 108590121 is divided by 5522.
5513
What is the remainder when 28807188 is divided by 316?
312
Calculate the remainder when 2049683 is divided by 6249.
11
What is the remainder when 591162 is divided by 295502?
158
Calculate the remainder when 1890475 is divided by 270066.
13
What is the remainder when 3996744 is divided by 694?
692
What is the remainder when 719656 is divided by 176?
168
Calculate the remainder when 78139 is divided by 12970.
319
Calculate the remainder when 1958735 is divided by 6781.
5807
What is the remainder when 165611133 is divided by 2573?
2561
Calculate the remainder when 79343 is divided by 39664.
15
What is the remainder when 254149 is divided by 7106?
5439
Calculate the remainder when 195678 is divided by 867.
603
What is the remainder when 284584 is divided by 8388?
7780
What is the remainder when 216966 is divided by 908?
862
What is the remainder when 93165 is divided by 7654?
1317
Calculate the remainder when 4161986 is divided by 1748.
1746
What is the remainder when 36957 is divided by 55?
52
Calculate the remainder when 248573159 is divided by 90.
89
Calculate the remainder when 394140 is divided by 4204.
3168
Calculate the remainder when 8424980 is divided by 167.
164
What is the remainder when 235498 is divided by 890?
538
Calculate the remainder when 80796219 is divided by 234.
231
Calculate the remainder when 2417136 is divided by 221.
59
What is the remainder when 914403 is divided by 7315?
28
Calculate the remainder when 166046 is divided by 1045.
936
Calculate the remainder when 2354881 is divided by 660.
1
What is the remainder when 1908124 is divided by 198?
196
What is the remainder when 619111 is divided by 245?
241
What is the remainder when 97383 is divided by 48595?
193
Calculate the remainder when 302140 is divided by 75523.
48
Calculate the remainder when 1709507 is divided by 4871.
4657
What is the remainder when 167350 is divided by 20909?
78
Calculate the remainder when 9175578 is divided by 3058513.
39
What is the remainder when 1564584 is divided by 6013?
1204
Calculate the remainder when 49886 is divided by 1858.
1578
Calculate the remainder when 24946188 is divided by 5057.
7
What is the remainder when 10986 is divided by 168?
66
What is the remainder when 59731268 is divided by 149?
148
Calculate the remainder when 65281066 is divided by 51.
46
Calculate the remainder when 101831743 is divided by 110.
13
What is the remainder when 9538504 is divided by 174?
172
What is the remainder when 1091745 is divided by 4995?
2835
What is the remainder when 2442680 is divided by 28?
16
Calculate the remainder when 652711 is divided by 287.
73
Calculate the remainder when 6566729 is divided by 1484.
29
What is the remainder when 63912 is divided by 12690?
462
What is the remainder when 239706 is divided by 324?
270
What is the remainder when 649641 is divided by 17937?
3909
Calculate the remainder when 10892750 is divided by 544628.
190
What is the remainder when 9387357 is divided by 28?
21
Calculate the remainder when 20109730 is divided by 1474.
1422
What is the remainder when 25771317 is divided by 51?
48
Calculate the remainder when 1596161 is divided by 3058.
2943
Calculate the remainder when 20382 is divided by 20295.
87
Calculate the remainder when 1621785 is divided by 258.
255
What is the remainder when 11021173 is divided by 18?
7
Calculate the remainder when 36646 is divided by 1099.
379
Calculate the remainder when 629445 is divided by 78644.
293
Calculate the remainder when 2400256 is divided by 